osite?
False
Let x be 2025 - (-3)/6*-4. Suppose -4*k + x + 1941 = 0. Is k a composite number?
False
Let g(s) = s**3 - s**2 + 3*s + 44. Let f be g(0). Let w = f + -39. Suppose -w*v + 3*v = -3482. Is v composite?
False
Let g(o) be the third derivative of -13*o**4/24 + 25*o**3/2 - o**2 - 11. Is g(-20) composite?
True
Is 1371 - (885/105 + 3/(-7)) prime?
False
Suppose -3*v + 10924 = 3*i - 629, 7720 = 2*v + 5*i. Is v a composite number?
True
Suppose 17*l - 26 = 59. Suppose 0 = -l*b - 6*s + 7*s + 175258, b - 35063 = 4*s. Is b a prime number?
True
Is ((-3)/9)/(33/(-1151667)) a composite number?
False
Suppose -8*w + 30448 = -18456. Is w prime?
True
Suppose -s - 5*q = -81767, 4*s + 102476 = 2*q + 429368. Is s a prime number?
True
Let x = -11222 - -20383. Let c = x + -2919. Is c a prime number?
False
Suppose -158*a = -147*a + 210*a - 11224811. Is a prime?
False
Suppose -4*x - 4767216 = -8*x. Suppose 185596 + x = 5*f. Is f/50 + (-6)/10 composite?
True
Suppose 10*l = 21 + 9. Suppose 3*c - 8 = l*n + 16, 2*n = -2*c + 36. Suppose -c = -2*p + 831. Is p composite?
True
Suppose 174*p = 157*p + 3894377. Is p composite?
False
Let c = 206 + 2156. Is (c*(-6)/36)/(1/(-9)) prime?
False
Suppose 4*d = 3*g + 641235, -160302 = -d - 29*g + 32*g. Is d a composite number?
True
Let l(q) = 1627*q**3 + 2*q**2 - 4*q + 3. Let y be l(1). Suppose -4*f + 7072 = y. Is f composite?
False
Let w(h) = 501*h**3 + 2*h - 1. Let d be w(1). Let z = d - -843. Suppose -5*a + 4*l + 34 + 1621 = 0, l = -4*a + z. Is a prime?
False
Suppose -15*b = -6*b - 18. Suppose 0 = -3*u - f + 3920 + 641, 5*f - 3019 = -b*u. Is u a prime number?
False
Suppose -4026083 - 8219264 = -41*d. Is d a composite number?
False
Suppose -2237 - 2887 = 4*w. Let t = w - -4354. Is t prime?
False
Let s(b) = 57*b**2 + 25*b + 30. Let y be s(-9). Let g = -2495 + y. Is g a composite number?
True
Let s be 2/(4/(-22) - 16/(-572)). Let c(b) = -4*b**3 - 5*b**2 - 25*b - 83. Is c(s) composite?
True
Let s = -25 - -25. Suppose -1969 = -5*p + j, -p - 2*j + 385 = -s*p. Let d = p + -182. Is d a composite number?
False
Suppose -80*l + 2088 = -77*l. Suppose 0 = -5*u - l + 15361. Is u a composite number?
True
Suppose i - 20*i = 760. Is (10418/4)/((-20)/i) composite?
False
Let k(y) = -13583*y + 665. Is k(-6) composite?
False
Let z(i) = 2*i**2 + 10*i - 23. Let m be z(-7). Is 563 + (0/m)/7 composite?
False
Suppose -9*i - 70 = 11. Suppose 463 = 2*q + 3*d, q = -d + 3*d + 228. Let g = i + q. Is g a prime number?
False
Suppose 0*f = -2*u + f + 142, 0 = 5*u + 3*f - 355. Let g(j) = 70*j - 765. Let h be g(11). Suppose h*t - 886 = -u. Is t a prime number?
True
Let y be 993 + 1*12/(-4). Let c = y - 636. Is 8/(-6)*c/(-4) a composite number?
True
Is -12 - 12/(72/(-1351518)) composite?
False
Let x = -105 + 156. Let i(a) = -x*a + 9 - 218*a - 161*a + 8. Is i(-2) a prime number?
True
Is (-14 - (-132072)/(-18))*(-3)/2 composite?
False
Let v = -5 - -6. Let r be (10/(-15))/(v/3). Is r/(-1)*573/6 composite?
False
Let z = 358 + -362. Is 1654 + 3*(z - -5) prime?
True
Suppose 10*x = 19*x - 27. Suppose -4*o - 2*j - 7988 = 0, -9985 = 6*o - o + x*j. Let u = o + 3408. Is u a composite number?
True
Let f = -491 - -838. Let i = -216 + f. Is i a prime number?
True
Suppose 850*j = h + 855*j - 184429, 4*h = 4*j + 737620. Is h prime?
True
Let u be 6/(-15) + (-8)/5 + 2. Suppose u*i = 13*i - 8983. Is i prime?
True
Let u be -5 + ((-37)/74 - (-65)/(-2)). Is ((-3821)/(-2))/((-19)/u) a prime number?
True
Let y be (-5 + 203/42)*18. Suppose -5*l - 4*u + 8 = 0, -3*l + 4*u + 27 = -u. Is (1642 + y)*(5 - l) composite?
True
Let g = 6013 + -3885. Let o = 3385 - g. Is o a prime number?
False
Suppose 17*o + 7*o = 4067736. Is o a composite number?
False
Suppose -39*j = -52*j + 387426. Let i = -18529 + j. Is i a composite number?
False
Let b = 124 - 108. Suppose -o = 4*m - 0*o - 3552, -4*o = -b. Is m a prime number?
True
Let o be ((-15)/10)/(3 - (-8154)/(-2716)). Suppose o = -0*m + m. Is m a composite number?
True
Suppose 70*n + 46*n - 40*n - 82810436 = 0. Is n a prime number?
True
Let g = 16229 - -52674. Is g a prime number?
True
Let l = 182 + -167. Let y = 541 - l. Is y a prime number?
False
Suppose 3*z = 4*o - 0*o + 26, 3*z + 4 = -2*o. Let v(s) = 134*s**2 + 15*s + 84. Is v(o) composite?
False
Suppose -2299185 = -5*v + 2*y, -500774 = -4*v + 3*y + 1338581. Is v a composite number?
True
Let j(q) = -7 - 4*q + 0 + 3 - 3. Let b be j(-2). Is 2 - (-1 + b - 445) composite?
True
Let f(x) = -34*x + 24. Let h(l) = 68*l - 47. Let b(s) = 5*f(s) + 3*h(s). Let i be b(15). Let a = 908 - i. Is a a prime number?
True
Let y be 8 + 3/(-3 + (6 - 2)). Let s(m) = -24*m**2 + 4*m + 23. Let p(i) = 72*i**2 - 13*i - 68. Let d(k) = y*s(k) + 4*p(k). Is d(-6) a composite number?
True
Suppose 412*b - 291*b = 56480017. Is b a prime number?
True
Is (-3976935)/(-9)*(9 + (-6 - 0)) a prime number?
False
Suppose -35*h + 2509826 + 530729 = 0. Is h a composite number?
True
Suppose o + x = 2*o - 1408, 2*o = -x + 2804. Suppose o = y - 8109. Suppose 8*i + 1537 = y. Is i composite?
False
Suppose -8*j = -7*j - 68*j + 13151363. Is j a prime number?
False
Suppose -114*t = -100*t - 1582. Suppose -26551 = -t*i + 106*i. Is i a prime number?
True
Suppose -g + 470 - 4 = 4*z, g = 3*z + 501. Let b = -347 + g. Is b a composite number?
False
Suppose 0*i + 10915 = -5*i. Let d = 374 + i. Let a = d - -3127. Is a a prime number?
False
Let j(f) be the first derivative of 295*f**3/3 + f**2/2 + 3*f - 1. Let x be ((-16)/40)/((-60)/225*(-3)/4). Is j(x) composite?
False
Suppose 0 = 8*y - 12*y - 41364. Let r = y + 17410. Is r a prime number?
True
Is ((4182772/(-77))/4)/((-3)/21) composite?
False
Suppose 2*a - 7*a = 5. Let m(i) be the second derivative of -901*i**5/10 - i**4/12 - i. Is m(a) composite?
False
Let u be (2 + 10/(-4) + 0)*-4. Suppose 7*f = 5*r + 3*f - 19, -u*f + 4 = 2*r. Suppose -3*c = 5*m - 2708, -m + c = -r*c - 537. Is m a prime number?
True
Suppose 0 = 5*u - 44516 - 30989. Is u composite?
False
Let c(n) = 15*n**2 + 193*n + 441. Is c(-58) a composite number?
True
Let t(b) = -1961*b**3 + 2*b**2 + 8*b + 20. Is t(-3) composite?
True
Let y = -34 - -33. Let g be ((-18)/y)/((-1)/(5/(-10))). Is 1/2*-573*(-6)/g composite?
False
Let i(u) = 28924*u**2 - 13*u - 73. Is i(-6) a prime number?
True
Let g(f) = f**3 - 8*f**2 - 6*f - 9. Let i be g(9). Suppose 19*z = i*z + 685. Is z prime?
False
Let x be 5/(-2)*(42/(-5) - -4). Is x/(-154)*-8 - (-92882)/14 a prime number?
False
Let q be 61 - 1 - (5 - 12 - -7). Is (-4)/(-6) - 4/q*-503105 prime?
False
Let j = 6389 + -3231. Let s = j + 621. Is s composite?
False
Let h be ((-216)/56 - -4)*-7. Let w(f) = 3989*f**2 - 25*f - 25. Is w(h) a composite number?
False
Suppose -14*r - 2 = -15*r. Let l(j) = -1 - 9 - 69*j + 74*j + 70*j**r. Is l(7) prime?
False
Suppose 70066 = 15*o - 35189. Is o a composite number?
True
Let i be (1*-9)/((-93)/31). Suppose k = -g + 44012, i*g - 220070 = -k - 4*k. Is k prime?
True
Suppose 40*l = -52*l + 71899770 + 89583874. Is l a composite number?
True
Let l(r) = 32*r**3 - 5*r**2 - 5*r - 11. Let d be l(5). Is d/(-22)*(-26 - 0) prime?
False
Suppose 2*q - 3*v - 1634908 = 0, 3*q - 201*v = -197*v + 2452363. Is q a prime number?
True
Is 16390 + -1 - (-24)/(-84)*28 a prime number?
True
Let t(x) = -4162*x - 3695. Is t(-22) composite?
False
Let c = 29669 - 13942. Is c a prime number?
True
Suppose -46*w - 11 = -47*w. Let h(d) = d**2 + 34*d - 114. Is h(w) prime?
False
Let y be (-6)/((-6)/27*3). Let h(x) = 18*x**2 + 21*x + 10. Is h(y) composite?
False
Suppose 5*c - 1067 - 88 = -3*w, 4*c - 902 = 2*w. Suppose 224*p + 9240 = c*p. Suppose 3*m - s = p, -s - 2*s + 9 = 0. Is m a prime number?
False
Let z = 54 + -51. Suppose z*r + 33 = -33. Is r/154 - (0 + (-218)/7) composite?
False
Suppose 2*a = -2*m + 419940, m + 4*a - 8*a - 209975 = 0. Is m a prime number?
True
Let q = 34903 - 24446. Let v = q - 5758. Is v composite?
True
Let m = 3175 - -1372. Is m composite?
False
Let s = 13 - 10. Suppose 0 = -s*g - g + 1836. Let n = -300 + g. Is n composite?
True
Let q = 12069 + 12116. Suppose 1015*i - 1010*i - q = 0. Is i a composite number?
True
Let l(t) = 12 + 25*t + 6 + 63*t - 25*t. Let j be l(17). Suppose -3120 = -3*c - j. Is c a composite number?
False
Let y(s) = 3*s - 2. Let k be y(4). Let z(d) = 14*d**2 + 7*d**2 - 41*d**